termine a(p).
14
Let z(k) = -k**2 + k - 1. Suppose -n + 4*c = 6 + 8, 0 = 4*n - 2*c. Suppose 2*u + 2*m - 30 = 0, 5*u + n*m - 22 = 38. Suppose -u*p = -9*p + 2. What is z(p)?
-7
Let n(p) be the first derivative of -19*p**2/2 + 91*p - 1462. What is n(5)?
-4
Let a = 141 + -140. Let s(t) = t**3 + 7*t**2 - t - 6. Let l be s(-7). Let f(r) = 0*r - 3*r**3 - 4*r + l + r**2 + 3*r + 0. Determine f(a).
-2
Suppose 0 = 2*n + 29 - 11. Let c(p) = -2*p + 0 - 2 - 8*p - p**2. Let q be c(n). Let y(m) = -m + 4. Calculate y(q).
-3
Let b(y) = -y**3 - 6*y**2 + 6*y - 1. Suppose 0 = 43*s - 45*s + 264. Let m = s - 102. Suppose -m*j - 35 = -25*j. Calculate b(j).
6
Let s(h) = -h**2 - 7*h - 1. Let x = -15 - -1. Let z(p) = -p - 9. Let o be z(x). Suppose -o*y = 2*y + 42. Give s(y).
5
Let q(f) = -f - 18. Let i be q(-12). Let z(p) = -11*p**2 + 22*p - 8. Let o(y) = -7*y**2 + 13*y - 5. Let h(u) = 8*o(u) - 5*z(u). Give h(i).
0
Let r(c) = 92*c - 1118. Let b be r(12). Let p(y) = -2*y**2 - 27*y + 6. Determine p(b).
-8
Let p(u) = 3*u - 1605 + u + 1498. Calculate p(29).
9
Let x(m) be the second derivative of -m**4/12 + 2*m**3 - 13*m**2 - 181*m + 3. What is x(7)?
9
Let d = -1996 + 1994. Let q(m) = 13*m + 27. What is q(d)?
1
Let z(f) be the second derivative of -6*f + 1/2*f**3 - 1/12*f**4 + 0 + 1/2*f**2. Let y = -3387 - -3383. Give z(y).
-27
Let h(d) = -d - 17*d + 21 - 537836*d**2 + 537838*d**2. Calculate h(8).
5
Let q = 5 - -1. Suppose 5*v - 14 = -a, -5 = -v + 4*a + 2. Let i(g) = -v*g - 5 + 12 + 1. Give i(q).
-10
Let f be (-13 - -14) + (1*-1 - -66). Let i = f - 61. Suppose 4*n = i*t + 1, -2*n - t = 2*n - 19. Let q(j) = -j**2 + 2*j + 3. Give q(n).
-5
Let f(y) = y**3 + 7*y**2 - 11*y - 5. Let k(s) = s**3 + 3*s**2 + 3*s + 10. Let i be k(-2). Suppose 7*n - i = v + 3*n, 2*v + 2*n = -16. Give f(v).
19
Let j(v) = 6*v**3 - 16*v**2 - 17*v + 5. Let f(h) = -5*h**3 + 16*h**2 + 17*h - 7. Let p(l) = -5*f(l) - 4*j(l). Determine p(17).
15
Let i(w) = -w**2 - w + 9. Let g(q) = -q + 1. Let d(x) = -4*g(x) + i(x). Let y be ((106/(-3))/(-1))/((-18)/(-27)). Suppose 6*r = y - 23. Calculate d(r).
-5
Suppose 17 = 5*y - 13. Suppose -5*r + 4*m + 8 = 0, -4 = -m - y. Let g(c) be the third derivative of c**6/120 + 2*c**3/3 - 2*c**2 + 22*c. Give g(r).
4
Let y(t) = -10*t - 22. Let k be 19*(-4)/24 - (-2)/12. Let f be y(k). Let b(g) = -g + 2. What is b(f)?
-6
Suppose 4*b = -2*o - 14, -15*o + 3*b = -13*o. Let t(k) = -k**3 + 5*k**2 + 2. Let j be t(5). Let z(q) = 5 + q**j + 1 - 5. Give z(o).
10
Let u(h) = -57*h + 69. Let l(d) = 19*d - 20. Let x(k) = 7*l(k) + 2*u(k). What is x(3)?
55
Let d(l) = -l**3 - 16*l**2 + 16*l + 11. Let o(v) = -v**3 + 5*v**2 - v - 29. Let u be o(4). Give d(u).
28
Let w(j) = j**2 - 5*j. Suppose -110 = 4*y - 630. Let b = y + -127. Determine w(b).
-6
Let x(n) = 3*n**2 + 41*n + 161. Let v(b) = b**2 + 14*b + 50. Let k(i) = 7*v(i) - 2*x(i). Give k(-13).
-11
Let r(a) = 8 - 3 + 3*a - 2*a. Let c be 16/((-13)/(819/(-14))). Suppose -82*o - c = 338. Give r(o).
0
Let x(r) = 2*r - 1. Let k(g) = -19*g - 14. Let d(h) = 2*h + 2. Let o(m) = -5*d(m) - k(m). Let a(q) = o(q) - 4*x(q). What is a(6)?
14
Let o(x) = 2*x**2 + 2*x - 9. Let t be o(-3). Suppose i + 20 = -t*z, i + 17 = -5*z - 15. Let u(r) be the first derivative of -r**2/2 + 8*r - 4. What is u(z)?
14
Let g(z) = z**3 + 5*z**2 - 4*z + 7. Suppose 34*x = 425 - 1139. Let k = -27 - x. Give g(k).
-5
Let n(q) = q**3 + 8*q**2 - 74*q + 143. Let u be n(-14). Let a(i) = -13*i - 7. Determine a(u).
-46
Let i = 207 + -215. Let q be i + -5 + 4 + 3. Let l(h) = -h**2 - 6*h - 9. Determine l(q).
-9
Let x(l) = -12*l**2 - 2*l + 1. Let w(r) = -2*r - 13. Suppose -2*t + 46 = 4*p, 3*p - t + 4*t - 42 = 0. Let u = 2 - p. Let j be w(u). Give x(j).
-13
Suppose -4*o + 2*o = 28. Let r(z) = -10 - 40*z + 13*z**2 + 25*z + 1543*z**3 - 1542*z**3. Calculate r(o).
4
Let g(l) = -8*l - 9. Let p = 13 - -733. Let n = -749 + p. Give g(n).
15
Let s(x) = 200*x**3 - 169*x**2 - 3*x + 12*x + 167*x**2 - 226*x**3 - 8. Calculate s(1).
-27
Let t(c) be the second derivative of c**3 + 2*c**2 - 354*c. What is t(2)?
16
Let s be ((-8)/12)/((-2078)/519 + 4). Let m(l) = -s*l + l**3 + 338*l + 2*l**2 - 1 - 168*l - 2. Suppose -2*v + 0*v = 4. Determine m(v).
3
Let w(d) = -d - 12. Let l be ((-6)/5)/((-144)/(-40) - 4). Suppose 7*b = -3*g + 8*b - 41, -l*b - 3 = 0. Calculate w(g).
2
Let v(n) = -86*n + 7511. Let u be v(87). Let l(o) = -2*o**2 + 60*o - 53. Calculate l(u).
5
Let g(d) = 4*d**2 + 0*d**2 - 28 - 17 + 38 + d. Give g(-3).
26
Suppose 0 = -4*f - 4*r + 8, 0 = 2*f - 3*r - 3 - 6. Let g(b) = -b + 5*b**3 + 0*b**2 + 4 - 22*b**3 + b**2 - f. Give g(1).
-16
Suppose 2*n - 62 = -4*a, -5*n + 2*a - 16 + 147 = 0. Suppose 4*c + 4 = 0, 5*u + c = -2*c + n. Let f(s) = s**2 - 6*s - 6. Give f(u).
-6
Let t be 222*-1*5/(-20 + 5). Let w(y) = -t*y + 77*y - 2 - 1. Determine w(-1).
-6
Let g(v) = -22*v - 1. Suppose -2*w + 6 = -3*z + z, -7 = -w + 3*z. Let x be 6/(-18)*(6 + -4 + w). Give g(x).
21
Suppose 0 = -2*t + 2. Suppose 0 = -4*i - d + t, 0*d = -4*i - 5*d + 21. Let p(s) be the first derivative of -s**4/4 + s**2/2 + 2. What is p(i)?
0
Let t(j) = 2*j**2 - j - 14. Let w(l) = -l**3 + 6*l**2 + 2*l + 33. Let y be w(7). Let k(b) = -b**2 + 3*b + 12. Let r(c) = y*t(c) - 3*k(c). Calculate r(-7).
-8
Suppose -54 = -5*x + 4*f, -4*f + 2*f + 28 = 3*x. Let w = 7 - x. Let m(v) be the second derivative of -v**3/3 - v**2 - 23*v. Calculate m(w).
4
Let j(h) = -102*h**2 + 7*h - 2. Let a(d) = -76*d**2 + 4*d - 1. Let c(m) = 7*a(m) - 5*j(m). Calculate c(1).
-26
Let d(q) = 10*q. Let r(w) = w + 7. Suppose 0 = 14*g - 16*g - 8. Let f be r(g). Suppose -8 = b - f*j - 4, -3*b - 5*j + 2 = 0. Give d(b).
-10
Let s(b) be the third derivative of -b**6/20 - b**4/8 - b**3/2 + 94*b**2. Determine s(-1).
6
Let p(i) = -i**2 - 8*i - 18. Let d be p(-4). Let t(j) = 9*j**2 - 4*j - 2. Let s(f) = -16*f**2 + 8*f + 4. Let v(x) = 6*s(x) + 11*t(x). Calculate v(d).
6
Let o(d) be the second derivative of 226*d + 0 - 1/2*d**2 + 13/3*d**3. Calculate o(-1).
-27
Let h be 27/25 - (10/(-7) + (-1320)/(-875)). Let m(y) = -2 + y + 2 - 41*y**2. What is m(h)?
-40
Let s(k) be the second derivative of k**3/6 + 5*k**2/2 - 346*k - 2. Suppose -3*d - 5*n + n - 1 = 0, -2*n = 4*d + 18. Give s(d).
-2
Let u(f) = f**3 + 5*f**2 - 10*f - 1. Let p(m) = 6*m**3 - 2*m**2 + 7*m + 10. Let w be p(-1). Calculate u(w).
49
Let x = -5668 - -5668. Let y(n) = -n**3 - 7. Calculate y(x).
-7
Suppose 5*m = 3*n - 8, 1 = 2*m + 5*n - 2. Let d(r) = -r + 2. Let w be d(m). Let a(g) = 11*g**3 - 10*g**w + 27*g**2 - 33*g**2 - 8. What is a(6)?
-8
Let w(r) = -34*r**3 - 70*r**2 - 42*r + 122. Let v(j) = -7*j**3 - 14*j**2 - 8*j + 24. Let z(a) = 29*v(a) - 6*w(a). Determine z(-12).
12
Let i(l) be the third derivative of l**5/40 - l**4/24 - 25*l**3/3 - 125*l**2. Let g(f) be the first derivative of i(f). What is g(4)?
11
Let n(w) be the second derivative of -2*w**3 + 99*w**2/2 + 22*w + 1. Let v be n(8). Let c(f) = -f**3 + 4*f**2 - 4. Determine c(v).
5
Let z(s) = -2*s**3 + 2*s**2 - s. Let w(g) = 18*g + 145. Let n be 9/(-45)*5 - 7. Let a be w(n). Give z(a).
-1
Let g(p) = 233751*p**3 - 4*p**2 - 9 - 233750*p**3 + 0*p + p. Determine g(4).
-5
Let r(k) = -4*k + 8. Let p(l) be the first derivative of -l**4/4 - 9*l**3 - 24*l**2 + 54*l + 50. Let v be p(-25). Determine r(v).
-8
Let h(q) = -q**3 + 6*q**2 - 7*q - 15. Let b be h(5). Let r = b + 27. Let d(s) be the first derivative of -3*s**4/4 + s**3/3 + s**2 + s - 4. Determine d(r).
-15
Let g(l) = l**2 - l - 3. Let h be 2*2/4 - -4. Let c be 1/(h/(-120)*-6). Calculate g(c).
9
Let j be (6/2)/1 - 1. Let v(q) be the third derivative of -q**5/30 + 5*q**4/24 - 2*q**3/3 + 48*q**2 - 53. Determine v(j).
-2
Let h be (-2)/10 + 194/20 - (-55)/(-110). Let a(r) = -r + 6. What is a(h)?
-3
Let k(o) = 7*o**2 + 9*o + 2. Let z(f) = 3*f**2 - 395*f - 8*f**2 - 1 + 388*f. Let y(u) = 3*k(u) + 4*z(u). Determine y(3).
8
Suppose -5*o = -4*m + 11, 4*o = 3*m + m - 8. Let s be (-3)/2 - 234/52. Let l(k) = -4*k - 7. Let v(g) = 9*g + 13. Let j(b) = s*v(b) - 11*l(b). Give j(m).
9
Let j(f) be the second derivative of -1/2*f**2 - 2 + 0*f**3 - 11*f + 3/2*f**4. Determine j(-1).
17
Let k = -1090/13 + 2193/26. Let c(a) be the first derivative of -2*a + 21 - k*a**2 + 1/3*a**3 - 1/4*a**4. What is c(2)?
-8
Let s(m) be the third derivative of -m**5/60 + m**4/4 + 